t r = l + 18. Calculate the remainder when r is divided by 20.
17
Let k = -2 + 2. Let h = 8 + k. What is the remainder when 6/(2/h*4) is divided by 2?
0
Suppose -2*y + 0*y + 9 = -5*v, 0 = -5*v - y - 3. Calculate the remainder when 67 is divided by 18/27*(-21)/v.
11
Let d(u) = u + 13. Let g be d(14). What is the remainder when 2/(-9) - (5 - 1086/g) is divided by 9?
8
Suppose 6*f - f - 275 = 0. Let j = f - 31. What is the remainder when 70 is divided by j?
22
Let d(j) = -j**2 - 4*j - 8. Let m be (-5 + -5)*4/10. Let g be d(m). Calculate the remainder when 87 is divided by 468/21 + g/28.
21
Let t(d) = -2*d - 2. Let o be t(-1). Let w be ((-7)/(-21))/(2/42). Suppose -y + w + 4 = o. What is the remainder when 41 is divided by y?
8
Suppose 2*t = 2*i - 122, -i - t = 4*t - 37. Calculate the remainder when 280 is divided by i.
52
Let x be (-240)/(-32)*2/3. Suppose -4*q - q - x*c + 345 = 0, 2*q + 3*c - 142 = 0. Calculate the remainder when q is divided by 17.
14
Let s = 36 + -35. Calculate the remainder when (s - 10)*(-70)/14 is divided by 16.
13
Suppose -275 = 16*m - 1043. Calculate the remainder when m is divided by 11.
4
Let l be (-6)/(-10) + 796/(-10). Let s = -68 - l. What is the remainder when 21 is divided by s?
10
Let a be 3/(-5) + 163/5. Let j be 27*(a/12 - 0). Suppose 4*g = 56 + j. Calculate the remainder when g is divided by 17.
15
Let a be 0 - (-2 - (3 - -65)). Let w = 198 - a. Suppose w = 5*n + 18. What is the remainder when n is divided by 8?
6
Suppose 2*a = 47*n - 46*n + 1451, n - 733 = -a. What is the remainder when a is divided by 146?
144
Suppose 40 = 2*p - p. What is the remainder when (-44 - -45)/(1/78 + 0) is divided by p?
38
Suppose -5*n - 4*q + q + 249 = 0, -3*q = 3*n - 153. Suppose -477 + n = -3*f. What is the remainder when f is divided by 24?
23
What is the remainder when 71 is divided by 24*-1*-1*(-6)/(-4)?
35
Suppose -7*f + 4*f + 72 = 0. Suppose 0 = 3*u + 2*u - 10. Calculate the remainder when f is divided by (-3)/u*(-3 - 3).
6
Let w = -707 + 754. Calculate the remainder when w is divided by 1/(-2) + (-25)/(-2).
11
Let l(g) = -g**2 - 16*g - 34. Calculate the remainder when 97 is divided by l(-4).
13
Let o(m) = -m**3 - 4*m**2 + m + 3. Let x be o(-4). Suppose s - 10 = -0. Calculate the remainder when -1*(-26 - (4 + x)) is divided by s.
9
Suppose 0 = 14*f - 5*f - 891. What is the remainder when f is divided by 40?
19
Suppose -u + 430 = -4*u + g, -450 = 3*u + 3*g. Let p be ((-8)/5)/4*u. Suppose 5*j - p = 57. What is the remainder when j is divided by 8?
7
Let b(o) = 54*o**2 + o. Let c be b(1). Suppose c*z - 61 = 54*z. Calculate the remainder when z is divided by 9.
7
What is the remainder when 43 is divided by 28/42 - (-109)/3?
6
Let r = 663 + -595. What is the remainder when r is divided by 25?
18
Let n(h) = -6*h - 86. Calculate the remainder when 196 is divided by n(-18).
20
Let h = -36 + 122. What is the remainder when h is divided by 30?
26
Let i be (33/(-12) - -2) + 2435/20. Let d = 167 - i. Calculate the remainder when 182 is divided by d.
44
Suppose -53 + 140 = m. Suppose -5*l + 4*z = -m, 3*l = -9*z + 4*z + 67. Calculate the remainder when l is divided by 3.
1
Let f = 22 + -20. Suppose f*v - 7*v = -75. What is the remainder when 71 is divided by v?
11
Suppose -73 = -3*s - 2*a, 2*a - 27 = s - 2*s. Calculate the remainder when 35 is divided by s.
12
Let h(p) = 52*p - 338. Calculate the remainder when h(18) is divided by 30.
28
Suppose 0 = 2*b + 3*j + 1, 6*j - 11 = 4*b + 3*j. Let t(y) = 1 - 3 - 6*y**2 + 9*y**2 + y + 4*y**2. What is the remainder when 69 is divided by t(b)?
21
Suppose -3*z + 42 = -0*z. Suppose 0*d - z = -2*d. Suppose 0 = b + 2*i - 28 + d, 24 = b - i. What is the remainder when b is divided by 8?
7
Suppose -2*q - 2*d + 17 = -17, 3*q - 2*d - 51 = 0. Calculate the remainder when q is divided by 9.
8
Let v be (-4)/(((-22)/(-40))/11). Let m = 133 + v. Calculate the remainder when m is divided by 18.
17
Let p = 368 + -191. Let l = 49 - 46. Suppose l*a - p = -3*u, 4*a + 61 = u + 6*a. Calculate the remainder when u is divided by 20.
17
Suppose 0 = -5*g + 2202 - 767. Calculate the remainder when g is divided by 18.
17
Let a(p) = -17 - 6*p + p**2 + 10 + 11. Let m be a(6). Let t(n) = 2*n**2 + 5*n - 3. Calculate the remainder when t(m) is divided by 13.
10
Suppose m - 430 = -2*h + 75, -3*m = 2*h - 507. What is the remainder when h is divided by 23?
22
Suppose -3*q = -2*s - 2*q + 92, -3*q - 6 = 0. Suppose -60 = 43*k - s*k. Calculate the remainder when 113 is divided by k.
23
Let t(z) = z**3 - 25*z**2 + 30*z - 57. Let w(f) = 2*f - 13. What is the remainder when t(24) is divided by w(12)?
10
Suppose 0*h - 2*h + 7 = -3*j, 4*j - 4*h + 12 = 0. What is the remainder when 42/2 + -2 - j is divided by 2/4 - (-42)/4?
9
Suppose 3*d - 456 = -4*k, -5*d = 2*k - 23 - 219. Calculate the remainder when k is divided by 23.
19
Suppose 0*u - 3*u + 12 = 0. Suppose -u*z + 22 = r + r, -r - 4 = -z. Suppose z*o - 51 - 59 = 0. What is the remainder when 43 is divided by o?
21
Suppose 4*f = x - 3, -4*x = 3*f - 8 - 4. Suppose f = 10*m + m - 264. What is the remainder when 67 is divided by m?
19
Let f = 2091 - 2089. What is the remainder when 2/((-10)/(-6) - 1) is divided by f?
1
What is the remainder when 152 is divided by (-15)/40 + (-2322)/(-48)?
8
Let q = -53 + 78. Let x be (138/(-9))/((-1)/3). Let f = x + -32. What is the remainder when q is divided by f?
11
Let f = 178 - 311. Let m = 190 + f. What is the remainder when m is divided by 12?
9
Let o = -38 - -61. Calculate the remainder when o is divided by (2/7)/(((-22)/(-11))/56).
7
Calculate the remainder when 59 is divided by (35/14)/((-1)/(-18)).
14
Suppose 11*v - 4004 = 605. Calculate the remainder when v is divided by 28.
27
Let b(y) = y**3 - 8*y**2 - 14*y + 47. Calculate the remainder when b(10) is divided by 28.
23
Let h = -70 - -128. Let y = -422 - -438. What is the remainder when h is divided by y?
10
Suppose r - 2*r + 296 = 0. Let g = 414 - r. What is the remainder when g is divided by 30?
28
Suppose -2 = 4*o - 14. Suppose 3*n - 25 = -k, -48 = -o*k - 2*n + 13. Calculate the remainder when (-2*(-111)/24)/(2/8) is divided by k.
18
Suppose 6*u = 21 - 9. Suppose 5*p - 5*j - 140 = -0, -u*p + 46 = -4*j. Calculate the remainder when 63 is divided by p.
30
Let z(o) = 2*o**2 + 4*o - 54. Calculate the remainder when z(9) is divided by 39.
27
Let w(y) = -6*y**3 + 3*y**2 + 3*y + 2. What is the remainder when w(-2) is divided by 3186/108 + (-1)/2?
27
Let n = -227 + 283. Calculate the remainder when 161 is divided by n.
49
Let i = -14 + 28. Let z(u) = -15*u - 6. Calculate the remainder when z(-4) is divided by i.
12
Suppose -4*m = -3*m - 6. Let r(o) = o**3 - 6*o**2 - o + 2. Let x be r(m). Let d = 13 + x. Calculate the remainder when 32 is divided by d.
5
Let l(h) = -17*h - 1. Suppose y + 11 = 74. Calculate the remainder when y is divided by l(-1).
15
Suppose -21*b = 5*f - 20*b - 1607, 2*f - b = 640. What is the remainder when f is divided by 9?
6
Suppose -45 = -5*h - 10. Let z(s) = -s**3 + 4*s**2 - 2*s + 3. Let x be z(4). Let d(p) = -p - 3. What is the remainder when h is divided by d(x)?
1
Let v(r) = r**3 - 3*r**2 - 11*r + 7. Let f be v(5). Suppose f*x - 5*x + g = -28, 5*x = -2*g + 65. Let c = 4 - -26. What is the remainder when c is divided by x?
8
Suppose -20 - 38 = -2*g. Suppose 59 = 12*q - 61. Calculate the remainder when g is divided by q.
9
Suppose t + 12 = 3*o, 0*o + o - 48 = 4*t. Let n be (-36)/8*t/(-2). Let s = n - -75. What is the remainder when s is divided by 17?
14
Let w(j) = -1 - 180*j**2 + 2 + 176*j**2 - j**3 - 6*j. Calculate the remainder when w(-5) is divided by 19.
18
Suppose 0 = l + 2*l - 12. Let g be (-6)/(-2)*5/3. Suppose 0*d + 2*k - 77 = -5*d, -2*d + 35 = g*k. Calculate the remainder when d is divided by l.
3
Suppose 14*m - 798 - 140 = 0. What is the remainder when 322 is divided by m?
54
Suppose 0 = 3*i, i = 2*u + 4*i - 62. Let d = u - 16. Calculate the remainder when 43 is divided by d.
13
Suppose 15 = 3*o - 5*h, -2*o + h - 3 = -20. Suppose -4*w = -5*t, 2*t - t + 3*w + 19 = 0. Calculate the remainder when o/t*(-92)/10 is divided by 12.
11
Suppose 4*s + 3*f - f - 56 = 0, -3*s + 45 = 3*f. Calculate the remainder when 129 is divided by s.
12
Let n = -955 + 1679. Calculate the 